{"id":630,"date":"2025-07-14T15:27:40","date_gmt":"2025-07-14T15:27:40","guid":{"rendered":"https:\/\/oasis.udd.cl\/?page_id=630"},"modified":"2025-07-14T15:46:20","modified_gmt":"2025-07-14T15:46:20","slug":"microbiologia","status":"publish","type":"page","link":"https:\/\/oasis.udd.cl\/index.php\/microbiologia\/","title":{"rendered":"microbiologia"},"content":{"rendered":"\t\t<div data-elementor-type=\"wp-page\" data-elementor-id=\"630\" class=\"elementor elementor-630\" data-elementor-post-type=\"page\">\n\t\t\t\t<div class=\"elementor-element elementor-element-127c741 e-flex e-con-boxed e-con e-parent\" data-id=\"127c741\" data-element_type=\"container\">\n\t\t\t\t\t<div class=\"e-con-inner\">\n\t\t\t\t<div class=\"elementor-element elementor-element-f663949 elementor-widget elementor-widget-heading\" data-id=\"f663949\" data-element_type=\"widget\" data-widget_type=\"heading.default\">\n\t\t\t\t<div class=\"elementor-widget-container\">\n\t\t\t\t\t<h2 class=\"elementor-heading-title elementor-size-default\">ECOLOG\u00cdA MICROBIANA<\/h2>\t\t\t\t<\/div>\n\t\t\t\t<\/div>\n\t\t\t\t<div class=\"elementor-element elementor-element-9c42d23 elementor-widget elementor-widget-text-editor\" data-id=\"9c42d23\" data-element_type=\"widget\" data-widget_type=\"text-editor.default\">\n\t\t\t\t<div class=\"elementor-widget-container\">\n\t\t\t\t\t\t\t\t\t<p><span style=\"font-weight: 400;\">El enfoque de esta l\u00ednea de investigaci\u00f3n se centra en comprender c\u00f3mo los factores ambientales, tanto ascendentes (bottom-up) como descendentes (top-down), influyen en los ecosistemas de los salares andinos. <\/span><span style=\"font-weight: 400;\">Un aspecto clave de la investigaci\u00f3n es entender c\u00f3mo los disturbios o alteraciones en el entorno afectan la diversidad de la comunidad microbiana. <\/span><\/p><p><span style=\"font-weight: 400;\">Otro objetivo de esta l\u00ednea de investigaci\u00f3n es estudiar la participaci\u00f3n espec\u00edfica de los microorganismos en la precipitaci\u00f3n de carbonatos biol\u00f3gicos. Se realizar\u00e1 tambi\u00e9n un estudio sobre las comunidades microbianas en la regi\u00f3n de Maricunga, con un enfoque particular en las bacterias recientemente descubiertas que tienen resistencia al litio. <\/span><\/p><p><span style=\"font-weight: 400;\">Este descubrimiento es relevante, ya que estas bacterias podr\u00edan tener un papel importante en el equilibrio ecol\u00f3gico del salar. Al estudiar su nicho ecol\u00f3gico y su din\u00e1mica, se obtendr\u00e1 informaci\u00f3n valiosa sobre c\u00f3mo se integran en la comunidad microbiana local y qu\u00e9 significa su presencia en el contexto m\u00e1s amplio de los ecosistemas de la regi\u00f3n.<\/span><\/p>\t\t\t\t\t\t\t\t<\/div>\n\t\t\t\t<\/div>\n\t\t\t\t\t<\/div>\n\t\t\t\t<\/div>\n\t\t<div class=\"elementor-element elementor-element-c60e9ed e-flex e-con-boxed e-con e-parent\" data-id=\"c60e9ed\" data-element_type=\"container\">\n\t\t\t\t\t<div class=\"e-con-inner\">\n\t\t\t\t<div class=\"elementor-element elementor-element-df5e7a2 elementor-widget elementor-widget-gallery\" data-id=\"df5e7a2\" data-element_type=\"widget\" data-settings=\"{&quot;lazyload&quot;:&quot;yes&quot;,&quot;gallery_layout&quot;:&quot;grid&quot;,&quot;columns&quot;:4,&quot;columns_tablet&quot;:2,&quot;columns_mobile&quot;:1,&quot;gap&quot;:{&quot;unit&quot;:&quot;px&quot;,&quot;size&quot;:10,&quot;sizes&quot;:[]},&quot;gap_tablet&quot;:{&quot;unit&quot;:&quot;px&quot;,&quot;size&quot;:10,&quot;sizes&quot;:[]},&quot;gap_mobile&quot;:{&quot;unit&quot;:&quot;px&quot;,&quot;size&quot;:10,&quot;sizes&quot;:[]},&quot;link_to&quot;:&quot;file&quot;,&quot;aspect_ratio&quot;:&quot;3:2&quot;,&quot;overlay_background&quot;:&quot;yes&quot;,&quot;content_hover_animation&quot;:&quot;fade-in&quot;}\" data-widget_type=\"gallery.default\">\n\t\t\t\t<div class=\"elementor-widget-container\">\n\t\t\t\t\t\t\t<div class=\"elementor-gallery__container\">\n\t\t\t\t\t\t\t<a class=\"e-gallery-item elementor-gallery-item elementor-animated-content\" href=\"https:\/\/oasis.udd.cl\/wp-content\/uploads\/2025\/06\/micro4.png\" data-elementor-open-lightbox=\"yes\" data-elementor-lightbox-slideshow=\"df5e7a2\" data-elementor-lightbox-title=\"micro4\" data-e-action-hash=\"#elementor-action%3Aaction%3Dlightbox%26settings%3DeyJpZCI6Mjc1LCJ1cmwiOiJodHRwczpcL1wvb2FzaXMudWRkLmNsXC93cC1jb250ZW50XC91cGxvYWRzXC8yMDI1XC8wNlwvbWljcm80LnBuZyIsInNsaWRlc2hvdyI6ImRmNWU3YTIifQ%3D%3D\">\n\t\t\t\t\t<div class=\"e-gallery-image elementor-gallery-item__image\" data-thumbnail=\"https:\/\/oasis.udd.cl\/wp-content\/uploads\/2025\/06\/micro4-300x203.png\" data-width=\"300\" data-height=\"203\" aria-label=\"\" role=\"img\" ><\/div>\n\t\t\t\t\t\t\t\t\t\t\t<div class=\"elementor-gallery-item__overlay\"><\/div>\n\t\t\t\t\t\t\t\t\t\t\t\t\t\t<\/a>\n\t\t\t\t\t\t\t<a class=\"e-gallery-item elementor-gallery-item elementor-animated-content\" href=\"https:\/\/oasis.udd.cl\/wp-content\/uploads\/2025\/06\/imgHume.png\" data-elementor-open-lightbox=\"yes\" data-elementor-lightbox-slideshow=\"df5e7a2\" data-elementor-lightbox-title=\"imgHume\" data-e-action-hash=\"#elementor-action%3Aaction%3Dlightbox%26settings%3DeyJpZCI6MTg3LCJ1cmwiOiJodHRwczpcL1wvb2FzaXMudWRkLmNsXC93cC1jb250ZW50XC91cGxvYWRzXC8yMDI1XC8wNlwvaW1nSHVtZS5wbmciLCJzbGlkZXNob3ciOiJkZjVlN2EyIn0%3D\">\n\t\t\t\t\t<div class=\"e-gallery-image elementor-gallery-item__image\" data-thumbnail=\"https:\/\/oasis.udd.cl\/wp-content\/uploads\/2025\/06\/imgHume-226x300.png\" data-width=\"226\" data-height=\"300\" aria-label=\"\" role=\"img\" ><\/div>\n\t\t\t\t\t\t\t\t\t\t\t<div class=\"elementor-gallery-item__overlay\"><\/div>\n\t\t\t\t\t\t\t\t\t\t\t\t\t\t<\/a>\n\t\t\t\t\t\t\t<a class=\"e-gallery-item elementor-gallery-item elementor-animated-content\" href=\"https:\/\/oasis.udd.cl\/wp-content\/uploads\/2025\/06\/sobreProyecto.jpeg\" data-elementor-open-lightbox=\"yes\" data-elementor-lightbox-slideshow=\"df5e7a2\" data-elementor-lightbox-title=\"sobreProyecto\" data-e-action-hash=\"#elementor-action%3Aaction%3Dlightbox%26settings%3DeyJpZCI6MjE3LCJ1cmwiOiJodHRwczpcL1wvb2FzaXMudWRkLmNsXC93cC1jb250ZW50XC91cGxvYWRzXC8yMDI1XC8wNlwvc29icmVQcm95ZWN0by5qcGVnIiwic2xpZGVzaG93IjoiZGY1ZTdhMiJ9\">\n\t\t\t\t\t<div class=\"e-gallery-image elementor-gallery-item__image\" data-thumbnail=\"https:\/\/oasis.udd.cl\/wp-content\/uploads\/2025\/06\/sobreProyecto-300x169.jpeg\" data-width=\"300\" data-height=\"169\" aria-label=\"\" role=\"img\" ><\/div>\n\t\t\t\t\t\t\t\t\t\t\t<div class=\"elementor-gallery-item__overlay\"><\/div>\n\t\t\t\t\t\t\t\t\t\t\t\t\t\t<\/a>\n\t\t\t\t\t\t\t<a class=\"e-gallery-item elementor-gallery-item elementor-animated-content\" href=\"https:\/\/oasis.udd.cl\/wp-content\/uploads\/2025\/06\/microbio-1.png\" data-elementor-open-lightbox=\"yes\" data-elementor-lightbox-slideshow=\"df5e7a2\" data-elementor-lightbox-title=\"microbio\" data-e-action-hash=\"#elementor-action%3Aaction%3Dlightbox%26settings%3DeyJpZCI6MTQ2LCJ1cmwiOiJodHRwczpcL1wvb2FzaXMudWRkLmNsXC93cC1jb250ZW50XC91cGxvYWRzXC8yMDI1XC8wNlwvbWljcm9iaW8tMS5wbmciLCJzbGlkZXNob3ciOiJkZjVlN2EyIn0%3D\">\n\t\t\t\t\t<div class=\"e-gallery-image elementor-gallery-item__image\" data-thumbnail=\"https:\/\/oasis.udd.cl\/wp-content\/uploads\/2025\/06\/microbio-1-300x300.png\" data-width=\"300\" data-height=\"300\" aria-label=\"\" role=\"img\" ><\/div>\n\t\t\t\t\t\t\t\t\t\t\t<div class=\"elementor-gallery-item__overlay\"><\/div>\n\t\t\t\t\t\t\t\t\t\t\t\t\t\t<\/a>\n\t\t\t\t\t\t\t<a class=\"e-gallery-item elementor-gallery-item elementor-animated-content\" href=\"https:\/\/oasis.udd.cl\/wp-content\/uploads\/2025\/07\/20250120_125524-1.jpg\" data-elementor-open-lightbox=\"yes\" data-elementor-lightbox-slideshow=\"df5e7a2\" data-elementor-lightbox-title=\"20250120_125524 (1)\" data-e-action-hash=\"#elementor-action%3Aaction%3Dlightbox%26settings%3DeyJpZCI6NjMzLCJ1cmwiOiJodHRwczpcL1wvb2FzaXMudWRkLmNsXC93cC1jb250ZW50XC91cGxvYWRzXC8yMDI1XC8wN1wvMjAyNTAxMjBfMTI1NTI0LTEuanBnIiwic2xpZGVzaG93IjoiZGY1ZTdhMiJ9\">\n\t\t\t\t\t<div class=\"e-gallery-image elementor-gallery-item__image\" data-thumbnail=\"https:\/\/oasis.udd.cl\/wp-content\/uploads\/2025\/07\/20250120_125524-1-300x169.jpg\" data-width=\"300\" data-height=\"169\" aria-label=\"\" role=\"img\" ><\/div>\n\t\t\t\t\t\t\t\t\t\t\t<div class=\"elementor-gallery-item__overlay\"><\/div>\n\t\t\t\t\t\t\t\t\t\t\t\t\t\t<\/a>\n\t\t\t\t\t\t\t<a class=\"e-gallery-item elementor-gallery-item elementor-animated-content\" href=\"https:\/\/oasis.udd.cl\/wp-content\/uploads\/2025\/07\/20250120_113408.jpg\" data-elementor-open-lightbox=\"yes\" data-elementor-lightbox-slideshow=\"df5e7a2\" data-elementor-lightbox-title=\"20250120_113408\" data-e-action-hash=\"#elementor-action%3Aaction%3Dlightbox%26settings%3DeyJpZCI6NjM0LCJ1cmwiOiJodHRwczpcL1wvb2FzaXMudWRkLmNsXC93cC1jb250ZW50XC91cGxvYWRzXC8yMDI1XC8wN1wvMjAyNTAxMjBfMTEzNDA4LmpwZyIsInNsaWRlc2hvdyI6ImRmNWU3YTIifQ%3D%3D\">\n\t\t\t\t\t<div class=\"e-gallery-image elementor-gallery-item__image\" data-thumbnail=\"https:\/\/oasis.udd.cl\/wp-content\/uploads\/2025\/07\/20250120_113408-300x169.jpg\" data-width=\"300\" data-height=\"169\" aria-label=\"\" role=\"img\" ><\/div>\n\t\t\t\t\t\t\t\t\t\t\t<div class=\"elementor-gallery-item__overlay\"><\/div>\n\t\t\t\t\t\t\t\t\t\t\t\t\t\t<\/a>\n\t\t\t\t\t\t\t<a class=\"e-gallery-item elementor-gallery-item elementor-animated-content\" href=\"https:\/\/oasis.udd.cl\/wp-content\/uploads\/2025\/07\/20250120_113400.jpg\" data-elementor-open-lightbox=\"yes\" data-elementor-lightbox-slideshow=\"df5e7a2\" data-elementor-lightbox-title=\"20250120_113400\" data-e-action-hash=\"#elementor-action%3Aaction%3Dlightbox%26settings%3DeyJpZCI6NjM1LCJ1cmwiOiJodHRwczpcL1wvb2FzaXMudWRkLmNsXC93cC1jb250ZW50XC91cGxvYWRzXC8yMDI1XC8wN1wvMjAyNTAxMjBfMTEzNDAwLmpwZyIsInNsaWRlc2hvdyI6ImRmNWU3YTIifQ%3D%3D\">\n\t\t\t\t\t<div class=\"e-gallery-image elementor-gallery-item__image\" data-thumbnail=\"https:\/\/oasis.udd.cl\/wp-content\/uploads\/2025\/07\/20250120_113400-300x169.jpg\" data-width=\"300\" data-height=\"169\" aria-label=\"\" role=\"img\" ><\/div>\n\t\t\t\t\t\t\t\t\t\t\t<div class=\"elementor-gallery-item__overlay\"><\/div>\n\t\t\t\t\t\t\t\t\t\t\t\t\t\t<\/a>\n\t\t\t\t\t\t\t<a class=\"e-gallery-item elementor-gallery-item elementor-animated-content\" href=\"https:\/\/oasis.udd.cl\/wp-content\/uploads\/2025\/07\/20250120_105725.jpg\" data-elementor-open-lightbox=\"yes\" data-elementor-lightbox-slideshow=\"df5e7a2\" data-elementor-lightbox-title=\"20250120_105725\" data-e-action-hash=\"#elementor-action%3Aaction%3Dlightbox%26settings%3DeyJpZCI6NjM2LCJ1cmwiOiJodHRwczpcL1wvb2FzaXMudWRkLmNsXC93cC1jb250ZW50XC91cGxvYWRzXC8yMDI1XC8wN1wvMjAyNTAxMjBfMTA1NzI1LmpwZyIsInNsaWRlc2hvdyI6ImRmNWU3YTIifQ%3D%3D\">\n\t\t\t\t\t<div class=\"e-gallery-image elementor-gallery-item__image\" data-thumbnail=\"https:\/\/oasis.udd.cl\/wp-content\/uploads\/2025\/07\/20250120_105725-300x169.jpg\" data-width=\"300\" data-height=\"169\" aria-label=\"\" role=\"img\" ><\/div>\n\t\t\t\t\t\t\t\t\t\t\t<div class=\"elementor-gallery-item__overlay\"><\/div>\n\t\t\t\t\t\t\t\t\t\t\t\t\t\t<\/a>\n\t\t\t\t\t\t\t<a class=\"e-gallery-item elementor-gallery-item elementor-animated-content\" href=\"https:\/\/oasis.udd.cl\/wp-content\/uploads\/2025\/07\/20250116_181534.jpg\" data-elementor-open-lightbox=\"yes\" data-elementor-lightbox-slideshow=\"df5e7a2\" data-elementor-lightbox-title=\"20250116_181534\" data-e-action-hash=\"#elementor-action%3Aaction%3Dlightbox%26settings%3DeyJpZCI6NjM3LCJ1cmwiOiJodHRwczpcL1wvb2FzaXMudWRkLmNsXC93cC1jb250ZW50XC91cGxvYWRzXC8yMDI1XC8wN1wvMjAyNTAxMTZfMTgxNTM0LmpwZyIsInNsaWRlc2hvdyI6ImRmNWU3YTIifQ%3D%3D\">\n\t\t\t\t\t<div class=\"e-gallery-image elementor-gallery-item__image\" data-thumbnail=\"https:\/\/oasis.udd.cl\/wp-content\/uploads\/2025\/07\/20250116_181534-169x300.jpg\" data-width=\"169\" data-height=\"300\" aria-label=\"\" role=\"img\" ><\/div>\n\t\t\t\t\t\t\t\t\t\t\t<div class=\"elementor-gallery-item__overlay\"><\/div>\n\t\t\t\t\t\t\t\t\t\t\t\t\t\t<\/a>\n\t\t\t\t\t<\/div>\n\t\t\t\t\t<\/div>\n\t\t\t\t<\/div>\n\t\t\t\t\t<\/div>\n\t\t\t\t<\/div>\n\t\t\t\t<\/div>\n\t\t","protected":false},"excerpt":{"rendered":"<p>ECOLOG\u00cdA MICROBIANA El enfoque de esta l\u00ednea de investigaci\u00f3n se centra en comprender c\u00f3mo los factores ambientales, tanto ascendentes (bottom-up) como descendentes (top-down), influyen en los ecosistemas de los salares andinos. Un aspecto clave de la investigaci\u00f3n es entender c\u00f3mo los disturbios o alteraciones en el entorno afectan la diversidad de la comunidad microbiana. Otro [&hellip;]<\/p>\n","protected":false},"author":1,"featured_media":0,"parent":0,"menu_order":0,"comment_status":"closed","ping_status":"closed","template":"","meta":{"footnotes":""},"class_list":["post-630","page","type-page","status-publish","hentry"],"_links":{"self":[{"href":"https:\/\/oasis.udd.cl\/index.php\/wp-json\/wp\/v2\/pages\/630","targetHints":{"allow":["GET"]}}],"collection":[{"href":"https:\/\/oasis.udd.cl\/index.php\/wp-json\/wp\/v2\/pages"}],"about":[{"href":"https:\/\/oasis.udd.cl\/index.php\/wp-json\/wp\/v2\/types\/page"}],"author":[{"embeddable":true,"href":"https:\/\/oasis.udd.cl\/index.php\/wp-json\/wp\/v2\/users\/1"}],"replies":[{"embeddable":true,"href":"https:\/\/oasis.udd.cl\/index.php\/wp-json\/wp\/v2\/comments?post=630"}],"version-history":[{"count":7,"href":"https:\/\/oasis.udd.cl\/index.php\/wp-json\/wp\/v2\/pages\/630\/revisions"}],"predecessor-version":[{"id":661,"href":"https:\/\/oasis.udd.cl\/index.php\/wp-json\/wp\/v2\/pages\/630\/revisions\/661"}],"wp:attachment":[{"href":"https:\/\/oasis.udd.cl\/index.php\/wp-json\/wp\/v2\/media?parent=630"}],"curies":[{"name":"wp","href":"https:\/\/api.w.org\/{rel}","templated":true}]}}