{"id":64,"date":"2025-06-24T16:04:18","date_gmt":"2025-06-24T16:04:18","guid":{"rendered":"https:\/\/oasis.udd.cl\/?page_id=64"},"modified":"2025-07-14T21:06:02","modified_gmt":"2025-07-14T21:06:02","slug":"observatorio","status":"publish","type":"page","link":"https:\/\/oasis.udd.cl\/index.php\/observatorio\/","title":{"rendered":"Observatorio"},"content":{"rendered":"\t\t<div data-elementor-type=\"wp-page\" data-elementor-id=\"64\" class=\"elementor elementor-64\" data-elementor-post-type=\"page\">\n\t\t\t\t<div class=\"elementor-element elementor-element-f5f6d96 e-flex e-con-boxed e-con e-parent\" data-id=\"f5f6d96\" data-element_type=\"container\">\n\t\t\t\t\t<div class=\"e-con-inner\">\n\t\t\t\t<div class=\"elementor-element elementor-element-a51c67e elementor-widget elementor-widget-heading\" data-id=\"a51c67e\" data-element_type=\"widget\" data-widget_type=\"heading.default\">\n\t\t\t\t<div class=\"elementor-widget-container\">\n\t\t\t\t\t<h4 class=\"elementor-heading-title elementor-size-default\">Observatorio<\/h4>\t\t\t\t<\/div>\n\t\t\t\t<\/div>\n\t\t\t\t\t<\/div>\n\t\t\t\t<\/div>\n\t\t<div class=\"elementor-element elementor-element-8dadec4 e-flex e-con-boxed e-con e-parent\" data-id=\"8dadec4\" data-element_type=\"container\">\n\t\t\t\t\t<div class=\"e-con-inner\">\n\t\t<div class=\"elementor-element elementor-element-d49076e e-con-full e-flex e-con e-child\" data-id=\"d49076e\" data-element_type=\"container\">\n\t\t\t\t<div class=\"elementor-element elementor-element-b980e28 elementor-widget elementor-widget-image\" data-id=\"b980e28\" data-element_type=\"widget\" data-widget_type=\"image.default\">\n\t\t\t\t<div class=\"elementor-widget-container\">\n\t\t\t\t\t\t\t\t\t\t\t\t\t\t\t<img decoding=\"async\" src=\"https:\/\/oasis.udd.cl\/wp-content\/uploads\/elementor\/thumbs\/imgHume-r7udbm93cko7qbxe3gk2608smm29m2db7rrj409yus.png\" title=\"imgHume\" alt=\"imgHume\" loading=\"lazy\" \/>\t\t\t\t\t\t\t\t\t\t\t\t\t\t\t<\/div>\n\t\t\t\t<\/div>\n\t\t\t\t<\/div>\n\t\t<div class=\"elementor-element elementor-element-72befe5 e-con-full e-flex e-con e-child\" data-id=\"72befe5\" data-element_type=\"container\">\n\t\t<div class=\"elementor-element elementor-element-79dfe1b e-con-full e-flex e-con e-child\" data-id=\"79dfe1b\" data-element_type=\"container\">\n\t\t\t\t<div class=\"elementor-element elementor-element-24085b2 elementor-widget elementor-widget-text-editor\" data-id=\"24085b2\" data-element_type=\"widget\" data-widget_type=\"text-editor.default\">\n\t\t\t\t<div class=\"elementor-widget-container\">\n\t\t\t\t\t\t\t\t\t<p data-start=\"115\" data-end=\"670\">El <strong data-start=\"118\" data-end=\"140\">Observatorio OASIS<\/strong> es una plataforma dedicada al monitoreo ambiental interdisciplinario de salares y lagunas altoandinas de la Regi\u00f3n de Atacama. Su objetivo es generar informaci\u00f3n robusta sobre la din\u00e1mica geoqu\u00edmica, biol\u00f3gica y ecol\u00f3gica de estos sistemas, en contextos de alta sensibilidad ambiental y creciente actividad extractiva. El observatorio integra datos de sensores en terreno, estaciones meteorol\u00f3gicas, campa\u00f1as de muestreo, an\u00e1lisis microbiol\u00f3gicos y modelos espacio-temporales construidos a partir de datos satelitales.<\/p><p data-start=\"672\" data-end=\"1114\">El enfoque del observatorio combina geociencias, ecolog\u00eda microbiana, an\u00e1lisis socioecol\u00f3gico y ciencia de datos ambientales, permitiendo establecer l\u00edneas base y evaluar el impacto de variables naturales y antr\u00f3picas sobre estos ecosistemas. Adem\u00e1s, promueve el trabajo colaborativo con comunidades locales, instituciones p\u00fablicas y actores productivos, con el fin de apoyar una gesti\u00f3n territorial sostenible basada en evidencia cient\u00edfica.<\/p>\t\t\t\t\t\t\t\t<\/div>\n\t\t\t\t<\/div>\n\t\t\t\t<\/div>\n\t\t<div class=\"elementor-element elementor-element-d94945a e-con-full e-flex e-con e-child\" data-id=\"d94945a\" data-element_type=\"container\">\n\t\t\t\t<div class=\"elementor-element elementor-element-de7872a elementor-align-center elementor-hidden-tablet elementor-hidden-mobile elementor-widget elementor-widget-button\" data-id=\"de7872a\" data-element_type=\"widget\" data-widget_type=\"button.default\">\n\t\t\t\t<div class=\"elementor-widget-container\">\n\t\t\t\t\t\t\t\t\t<div class=\"elementor-button-wrapper\">\n\t\t\t\t\t<a class=\"elementor-button elementor-button-link elementor-size-sm\" href=\"https:\/\/jdelafuentec.github.io\/web\/index.html\" target=\"_blank\">\n\t\t\t\t\t\t<span class=\"elementor-button-content-wrapper\">\n\t\t\t\t\t\t\t\t\t<span class=\"elementor-button-text\">Ir al Observatorio<\/span>\n\t\t\t\t\t<\/span>\n\t\t\t\t\t<\/a>\n\t\t\t\t<\/div>\n\t\t\t\t\t\t\t\t<\/div>\n\t\t\t\t<\/div>\n\t\t\t\t<div class=\"elementor-element elementor-element-64f94b6 elementor-align-center elementor-hidden-desktop elementor-widget elementor-widget-button\" data-id=\"64f94b6\" data-element_type=\"widget\" data-widget_type=\"button.default\">\n\t\t\t\t<div class=\"elementor-widget-container\">\n\t\t\t\t\t\t\t\t\t<div class=\"elementor-button-wrapper\">\n\t\t\t\t\t<a class=\"elementor-button elementor-button-link elementor-size-sm\" href=\"#\" target=\"_blank\">\n\t\t\t\t\t\t<span class=\"elementor-button-content-wrapper\">\n\t\t\t\t\t\t\t\t\t<span class=\"elementor-button-text\">Ir al Observatorio<\/span>\n\t\t\t\t\t<\/span>\n\t\t\t\t\t<\/a>\n\t\t\t\t<\/div>\n\t\t\t\t\t\t\t\t<\/div>\n\t\t\t\t<\/div>\n\t\t\t\t<\/div>\n\t\t\t\t<div class=\"elementor-element elementor-element-5e09d10 elementor-hidden-desktop elementor-hidden-tablet elementor-widget elementor-widget-text-editor\" data-id=\"5e09d10\" data-element_type=\"widget\" data-widget_type=\"text-editor.default\">\n\t\t\t\t<div class=\"elementor-widget-container\">\n\t\t\t\t\t\t\t\t\t<p>El Observatorio est\u00e1 optimizado para visualizaci\u00f3n en computadores de escritorio.<\/p>\t\t\t\t\t\t\t\t<\/div>\n\t\t\t\t<\/div>\n\t\t\t\t<\/div>\n\t\t\t\t\t<\/div>\n\t\t\t\t<\/div>\n\t\t\t\t<\/div>\n\t\t","protected":false},"excerpt":{"rendered":"<p>Observatorio El Observatorio OASIS es una plataforma dedicada al monitoreo ambiental interdisciplinario de salares y lagunas altoandinas de la Regi\u00f3n de Atacama. Su objetivo es generar informaci\u00f3n robusta sobre la din\u00e1mica geoqu\u00edmica, biol\u00f3gica y ecol\u00f3gica de estos sistemas, en contextos de alta sensibilidad ambiental y creciente actividad extractiva. El observatorio integra datos de sensores en [&hellip;]<\/p>\n","protected":false},"author":1,"featured_media":0,"parent":0,"menu_order":0,"comment_status":"closed","ping_status":"closed","template":"","meta":{"footnotes":""},"class_list":["post-64","page","type-page","status-publish","hentry"],"_links":{"self":[{"href":"https:\/\/oasis.udd.cl\/index.php\/wp-json\/wp\/v2\/pages\/64","targetHints":{"allow":["GET"]}}],"collection":[{"href":"https:\/\/oasis.udd.cl\/index.php\/wp-json\/wp\/v2\/pages"}],"about":[{"href":"https:\/\/oasis.udd.cl\/index.php\/wp-json\/wp\/v2\/types\/page"}],"author":[{"embeddable":true,"href":"https:\/\/oasis.udd.cl\/index.php\/wp-json\/wp\/v2\/users\/1"}],"replies":[{"embeddable":true,"href":"https:\/\/oasis.udd.cl\/index.php\/wp-json\/wp\/v2\/comments?post=64"}],"version-history":[{"count":46,"href":"https:\/\/oasis.udd.cl\/index.php\/wp-json\/wp\/v2\/pages\/64\/revisions"}],"predecessor-version":[{"id":760,"href":"https:\/\/oasis.udd.cl\/index.php\/wp-json\/wp\/v2\/pages\/64\/revisions\/760"}],"wp:attachment":[{"href":"https:\/\/oasis.udd.cl\/index.php\/wp-json\/wp\/v2\/media?parent=64"}],"curies":[{"name":"wp","href":"https:\/\/api.w.org\/{rel}","templated":true}]}}